{"id":4,"date":"2023-05-10T02:23:06","date_gmt":"2023-05-10T02:23:06","guid":{"rendered":"http:\/\/demos.famethemes.com\/onepress\/?page_id=4"},"modified":"1999-01-01T00:00:00","modified_gmt":"2023-05-10T02:23:06","slug":"home","status":"publish","type":"page","link":"https:\/\/evoluirfisioterapia.com.br\/fisioterapia-em-brasilia\/","title":{"rendered":"Cl\u00ednica de Fisioterapia Asa Norte em Bras\u00edlia"},"content":{"rendered":"<h1 style=\"text-align: justify;\">Cl\u00ednica de Fisioterapia Asa Norte em Bras\u00edlia<\/h1>\n<p style=\"text-align: justify;\"><span style=\"color: #000000;\">H\u00e1 diversas <strong>Cl\u00ednica de Fisioterapia em Bras\u00edlia<\/strong> que oferecem servi\u00e7os especializados em diversas \u00e1reas, tais como fisioterapia ortop\u00e9dica, fisioterapia neurol\u00f3gica, fisioterapia respirat\u00f3ria, fisioterapia desportiva, entre outras. Os benef\u00edcios da <\/span><a href=\"https:\/\/evoluirfisioterapia.com.br\/fisioterapia-em-brasilia\/estrutura\/\"><span style=\"color: #000000;\"><strong>Cl\u00ednica de Fisioterapia em Bras\u00edlia<\/strong>.<\/span><\/a><span style=\"color: #000000;\"> A fisioterapia \u00e9 uma disciplina da \u00e1rea de sa\u00fade que utiliza t\u00e9cnicas manuais, exerc\u00edcios terap\u00eauticos e equipamentos especializados para tratar les\u00f5es, doen\u00e7as e disfun\u00e7\u00f5es do sistema musculoesquel\u00e9tico, respirat\u00f3rio e neurol\u00f3gico.<\/span><\/p>\n<h2 style=\"text-align: justify;\"><span style=\"color: #000000;\">Alguns dos benef\u00edcios da <strong>Cl\u00ednica de Fisioterapia em Bras\u00edlia<\/strong> incluem:<\/span><\/h2>\n<ol>\n<li style=\"text-align: justify;\"><span style=\"color: #000000;\">Redu\u00e7\u00e3o da dor: a fisioterapia pode ajudar a reduzir a dor em casos de les\u00f5es musculares, dores cr\u00f4nicas e outras condi\u00e7\u00f5es.<\/span><\/li>\n<li style=\"text-align: justify;\"><span style=\"color: #000000;\">Melhora da mobilidade e flexibilidade: exerc\u00edcios terap\u00eauticos podem ajudar a melhorar a mobilidade e flexibilidade das articula\u00e7\u00f5es e m\u00fasculos, facilitando a realiza\u00e7\u00e3o de atividades cotidianas.<\/span><\/li>\n<li style=\"text-align: justify;\"><span style=\"color: #000000;\">Melhora da fun\u00e7\u00e3o respirat\u00f3ria: a fisioterapia respirat\u00f3ria pode ajudar a melhorar a capacidade pulmonar e a respira\u00e7\u00e3o em casos de doen\u00e7as respirat\u00f3rias como asma, bronquite e enfisema.<\/span><\/li>\n<li style=\"text-align: justify;\"><span style=\"color: #000000;\">Preven\u00e7\u00e3o de les\u00f5es: a fisioterapia pode ajudar a prevenir les\u00f5es, fortalecendo os m\u00fasculos e melhorando a postura.<\/span><\/li>\n<li style=\"text-align: justify;\"><span style=\"color: #000000;\">Recupera\u00e7\u00e3o ap\u00f3s cirurgias: a fisioterapia pode ajudar a acelerar a recupera\u00e7\u00e3o ap\u00f3s cirurgias, melhorando a circula\u00e7\u00e3o sangu\u00ednea e ajudando na regenera\u00e7\u00e3o dos tecidos.<\/span><\/li>\n<\/ol>\n<p style=\"text-align: justify;\"><span style=\"color: #000000;\">H\u00e1 diversas <\/span><a href=\"https:\/\/www.google.com.br\/\" target=\"_blank\" rel=\"noopener\"><span style=\"color: #000000;\"><strong>Cl\u00ednica de Fisioterapia em Bras\u00edlia<\/strong><\/span><\/a><span style=\"color: #000000;\"> que oferecem servi\u00e7os especializados em diversas \u00e1reas, como fisioterapia ortop\u00e9dica, neurol\u00f3gica, desportiva, respirat\u00f3ria, entre outras. \u00c9 importante escolher uma <strong>cl\u00ednica de confian\u00e7a<\/strong>, com profissionais qualificados e infraestrutura adequada, para garantir um tratamento eficaz e seguro.<img decoding=\"async\" width=\"1024\" height=\"576\" class=\" wp-image-1999\" style=\"height: 422px; width: 750px;\" src=\"https:\/\/evoluirfisioterapia.com.br\/fisioterapia-em-brasilia\/wp-content\/uploads\/2023\/03\/Clinica-de-fisioterapia-em-brasilia-12-1024x576.jpeg\" alt=\"Cl\u00ednica de Fisioterapia em Bras\u00edlia\" title=\"\" srcset=\"https:\/\/evoluirfisioterapia.com.br\/fisioterapia-em-brasilia\/wp-content\/uploads\/2023\/03\/Clinica-de-fisioterapia-em-brasilia-12-1024x576.jpeg 1024w, https:\/\/evoluirfisioterapia.com.br\/fisioterapia-em-brasilia\/wp-content\/uploads\/2023\/03\/Clinica-de-fisioterapia-em-brasilia-12-300x169.jpeg 300w, https:\/\/evoluirfisioterapia.com.br\/fisioterapia-em-brasilia\/wp-content\/uploads\/2023\/03\/Clinica-de-fisioterapia-em-brasilia-12-768x432.jpeg 768w, https:\/\/evoluirfisioterapia.com.br\/fisioterapia-em-brasilia\/wp-content\/uploads\/2023\/03\/Clinica-de-fisioterapia-em-brasilia-12-1536x864.jpeg 1536w, https:\/\/evoluirfisioterapia.com.br\/fisioterapia-em-brasilia\/wp-content\/uploads\/2023\/03\/Clinica-de-fisioterapia-em-brasilia-12.jpeg 1600w\" sizes=\"(max-width: 1024px) 100vw, 1024px\" \/> <\/span><\/p>\n<p style=\"text-align: justify;\"><span style=\"color: #000000;\">Cl\u00ednica de Fisioterapia em Bras\u00edlia\u00a0<\/span><\/p>\n<h3 style=\"text-align: justify;\"><span style=\"color: #000000;\">Fisioterapia<\/span><\/h3>\n<p style=\"text-align: justify;\"><span style=\"color: #000000;\">A fisioterapia \u00e9 uma \u00e1rea da sa\u00fade que se dedica ao tratamento e preven\u00e7\u00e3o de doen\u00e7as e les\u00f5es por meio de t\u00e9cnicas f\u00edsicas. O objetivo da fisioterapia \u00e9 melhorar a qualidade de vida dos pacientes, ajudando-os a recuperar a mobilidade, for\u00e7a e flexibilidade.<\/span><\/p>\n<p style=\"text-align: justify;\"><span style=\"color: #000000;\">A fisioterapia \u00e9 uma \u00e1rea da sa\u00fade que se dedica ao tratamento e preven\u00e7\u00e3o de doen\u00e7as e les\u00f5es por meio de t\u00e9cnicas f\u00edsicas. O objetivo da fisioterapia \u00e9 melhorar a qualidade de vida dos pacientes, ajudando-os a recuperar a mobilidade, for\u00e7a e flexibilidade. Os fisioterapeutas s\u00e3o profissionais da sa\u00fade que avaliam, diagnostica e tratam problemas f\u00edsicos, como les\u00f5es musculares e articulares, dores cr\u00f4nicas, problemas respirat\u00f3rios, neurol\u00f3gicos, entre outros.<\/span><\/p>\n<p style=\"text-align: justify;\"><span style=\"color: #000000;\">Eles utilizam t\u00e9cnicas como exerc\u00edcios terap\u00eauticos, massagens, eletroterapia, terapia manual, al\u00e9m de outras t\u00e9cnicas para ajudar os pacientes a recuperar a fun\u00e7\u00e3o f\u00edsica e aliviar a dor. A fisioterapia pode ser recomendada em diversas situa\u00e7\u00f5es, desde les\u00f5es esportivas, acidentes de trabalho ou de tr\u00e2nsito, at\u00e9 doen\u00e7as cr\u00f4nicas ou degenerativas. O tratamento pode ser feito de forma individual ou em grupo e o n\u00famero de sess\u00f5es varia de acordo com a condi\u00e7\u00e3o do paciente e as recomenda\u00e7\u00f5es do fisioterapeuta. A fisioterapia \u00e9 uma \u00e1rea de grande import\u00e2ncia na promo\u00e7\u00e3o da sa\u00fade e preven\u00e7\u00e3o de doen\u00e7as, ajudando os pacientes a se recuperarem de les\u00f5es e doen\u00e7as de forma segura e eficaz.<\/span><\/p>\n<h3 style=\"text-align: justify;\"><span style=\"color: #000000;\">Dermatofuncional<\/span><\/h3>\n<p style=\"text-align: justify;\"><span style=\"color: #000000;\">A Dermatofuncional \u00e9 uma \u00e1rea da fisioterapia que se dedica ao tratamento das altera\u00e7\u00f5es est\u00e9ticas e funcionais da pele e do tecido subcut\u00e2neo. Os fisioterapeutas dermatofuncionais utilizam t\u00e9cnicas e recursos terap\u00eauticos para tratar diversos problemas est\u00e9ticos, tais como celulite, flacidez, estrias, rugas, manchas e cicatrizes. Al\u00e9m disso, essa \u00e1rea da fisioterapia tamb\u00e9m pode ajudar na recupera\u00e7\u00e3o p\u00f3s-operat\u00f3ria de cirurgias pl\u00e1sticas, como abdominoplastia, lipoaspira\u00e7\u00e3o e mamoplastia.<\/span><\/p>\n<p style=\"text-align: justify;\"><span style=\"color: #000000;\">As t\u00e9cnicas utilizadas pela fisioterapia dermatofuncional incluem massagens, drenagem linf\u00e1tica, terapia por ondas de choque, ultrassom, corrente el\u00e9trica, criolip\u00f3lise, radiofrequ\u00eancia, entre outras. Esses recursos terap\u00eauticos t\u00eam como objetivo estimular a circula\u00e7\u00e3o sangu\u00ednea, melhorar o metabolismo celular, estimular a produ\u00e7\u00e3o de col\u00e1geno e elastina, al\u00e9m de reduzir a reten\u00e7\u00e3o de l\u00edquidos e gordura.<\/span><\/p>\n<p style=\"text-align: justify;\"><span style=\"color: #000000;\">\u00c9 importante ressaltar que a fisioterapia dermatofuncional deve ser realizada por um fisioterapeuta especializado e com forma\u00e7\u00e3o espec\u00edfica nessa \u00e1rea, para garantir a seguran\u00e7a e a efic\u00e1cia do tratamento.<\/span><\/p>\n<h3 style=\"text-align: justify;\"><span style=\"color: #000000;\">Neurol\u00f3gica<\/span><\/h3>\n<p style=\"text-align: justify;\"><span style=\"color: #000000;\">A fisioterapia neurol\u00f3gica \u00e9 uma \u00e1rea da fisioterapia que se dedica ao tratamento de pacientes com disfun\u00e7\u00f5es neurol\u00f3gicas, como les\u00f5es cerebrais, derrames, esclerose m\u00faltipla, les\u00f5es medulares, paralisia cerebral, entre outras condi\u00e7\u00f5es que afetam o sistema nervoso. O objetivo da fisioterapia neurol\u00f3gica \u00e9 ajudar os pacientes a recuperar a funcionalidade, melhorar a mobilidade, for\u00e7a e equil\u00edbrio, al\u00e9m de reduzir a dor e outras limita\u00e7\u00f5es decorrentes da condi\u00e7\u00e3o neurol\u00f3gica.<\/span><\/p>\n<p style=\"text-align: justify;\"><span style=\"color: #000000;\">Os fisioterapeutas neurol\u00f3gicos utilizam diversas t\u00e9cnicas e recursos terap\u00eauticos, como exerc\u00edcios de fortalecimento e flexibilidade, treino de marcha, estimula\u00e7\u00e3o el\u00e9trica, terapia manual, alongamento, entre outros. Al\u00e9m disso, podem utilizar equipamentos de tecnologia assistiva para auxiliar no tratamento, como \u00f3rteses e pr\u00f3teses, andadores e cadeiras de rodas.<\/span><\/p>\n<p style=\"text-align: justify;\"><span style=\"color: #000000;\">O tratamento \u00e9 personalizado para cada paciente, de acordo com sua condi\u00e7\u00e3o e limita\u00e7\u00f5es, e pode ser feito individualmente ou em grupo. A dura\u00e7\u00e3o do tratamento tamb\u00e9m pode variar de acordo com a gravidade e complexidade da condi\u00e7\u00e3o neurol\u00f3gica.<\/span><\/p>\n<p>&nbsp;<\/p>\n<h3><span style=\"color: #000000;\">Alguns termos que podem ser \u00fateis para buscar cl\u00ednicas de fisioterapia em Bras\u00edlia s\u00e3o:<\/span><\/h3>\n<ul>\n<li><span style=\"color: #000000;\">Fisioterapia em Bras\u00edlia<\/span><\/li>\n<li><span style=\"color: #000000;\">Cl\u00ednica de fisioterapia em Bras\u00edlia<\/span><\/li>\n<li><span style=\"color: #000000;\">Fisioterapia ortop\u00e9dica em Bras\u00edlia<\/span><\/li>\n<li><span style=\"color: #000000;\">Fisioterapia neurol\u00f3gica em Bras\u00edlia<\/span><\/li>\n<li><span style=\"color: #000000;\">Fisioterapia respirat\u00f3ria em Bras\u00edlia<\/span><\/li>\n<li><span style=\"color: #000000;\">Fisioterapia desportiva em Bras\u00edlia<\/span><\/li>\n<li><span style=\"color: #000000;\">Fisioterapeuta em Bras\u00edlia<\/span><\/li>\n<li><span style=\"color: #000000;\">Reabilita\u00e7\u00e3o em Bras\u00edlia<\/span><\/li>\n<li><span style=\"color: #000000;\">Tratamento fisioterap\u00eautico em Bras\u00edlia<\/span><\/li>\n<li><span style=\"color: #000000;\">Terapia manual em Bras\u00edlia<\/span><\/li>\n<\/ul>\n<h1>Fisioterapia e Reabilita\u00e7\u00e3o &#8211; Cl\u00ednica de Fisioterapia<\/h1>\n<p style=\"text-align: justify;\"><span style=\"color: #000000;\">Se voc\u00ea est\u00e1 procurando por uma <a href=\"https:\/\/evoluirfisioterapia.com.br\/fisioterapia-em-brasilia\/clinica-de-fisioterapia-em-brasilia-3\/\"><strong>cl\u00ednica de fisioterapia em Bras\u00edlia<\/strong><\/a>, h\u00e1 muitas op\u00e7\u00f5es dispon\u00edveis que podem ajud\u00e1-lo a se recuperar de uma les\u00e3o ou dor cr\u00f4nica. Uma das <strong>cl\u00ednicas de fisioterapia<\/strong> mais renomadas da cidade \u00e9 a <strong>Cl\u00ednica de Fisioterapia Evoluir em Bras\u00edlia<\/strong>, que oferece uma variedade de servi\u00e7os de <strong>fisioterapia<\/strong> para pacientes de todas as idades.<\/span><\/p>\n<p style=\"text-align: justify;\"><span style=\"color: #000000;\">A <strong>Cl\u00ednica de Fisioterapia Bras\u00edlia<\/strong> tem uma equipe de<strong> fisioterapeutas<\/strong> altamente qualificados e experientes que utilizam t\u00e9cnicas de tratamento avan\u00e7adas para ajudar os pacientes a recuperar a mobilidade e aliviar a dor. Os <strong>fisioterapeutas da cl\u00ednica<\/strong> usam uma abordagem individualizada para cada paciente, avaliando suas necessidades de tratamento e desenvolvendo um plano de tratamento personalizado que se adapta \u00e0s suas necessidades espec\u00edficas.<\/span><\/p>\n<p style=\"text-align: justify;\"><span style=\"color: #000000;\">Alguns dos servi\u00e7os oferecidos pela <a href=\"https:\/\/evoluirfisioterapia.com.br\/fisioterapia-em-brasilia\/sobre-nos\/\"><strong>Cl\u00ednica de Fisioterapia Bras\u00edlia<\/strong><\/a> incluem <strong>fisioterapia ortop\u00e9dica, fisioterapia neurol\u00f3gica, fisioterapia pedi\u00e1trica, fisioterapia respirat\u00f3ria e terapia ocupacional<\/strong>. A cl\u00ednica tamb\u00e9m oferece servi\u00e7os de reabilita\u00e7\u00e3o esportiva para atletas que sofreram les\u00f5es durante a pr\u00e1tica de esportes.<\/span><\/p>\n<p style=\"text-align: justify;\"><span style=\"color: #000000;\">A <strong>Cl\u00ednica de Fisioterapia Bras\u00edlia<\/strong> tem uma <a href=\"https:\/\/evoluirfisioterapia.com.br\/fisioterapia-em-brasilia\/nossa-estrutura\/\">infraestrutura moderna e bem equipada<\/a>, com salas de tratamento confort\u00e1veis e equipamentos de \u00faltima gera\u00e7\u00e3o para ajudar os pacientes a se recuperarem mais rapidamente. A cl\u00ednica tamb\u00e9m tem uma equipe de atendimento amig\u00e1vel e prestativa que est\u00e1 sempre dispon\u00edvel para responder a quaisquer d\u00favidas ou preocupa\u00e7\u00f5es que os pacientes possam ter.<\/span><\/p>\n<p style=\"text-align: justify;\"><span style=\"color: #000000;\">Se voc\u00ea est\u00e1 procurando por uma <strong>cl\u00ednica de fisioterapia em Bras\u00edlia<\/strong>, a <strong>Cl\u00ednica de Fisioterapia Bras\u00edlia<\/strong> \u00e9 uma \u00f3tima op\u00e7\u00e3o. Com uma equipe de fisioterapeutas experientes, uma ampla variedade de servi\u00e7os de <strong>fisioterapia<\/strong> e uma infraestrutura moderna, a cl\u00ednica pode ajud\u00e1-lo a se recuperar e melhorar sua qualidade de vida. <strong>Palavras-chave: cl\u00ednica de fisioterapia, Bras\u00edlia, fisioterapia ortop\u00e9dica, fisioterapia neurol\u00f3gica, fisioterapia pedi\u00e1trica, fisioterapia respirat\u00f3ria, terapia ocupacional, reabilita\u00e7\u00e3o esportiva.<\/strong><\/span><\/p>\n<table style=\"height: 522px;\" width=\"796\">\n<tbody>\n<tr>\n<td width=\"391\"><a href=\"https:\/\/evoluirfisioterapia.com.br\/fisioterapia-em-brasilia\/clinica-de-fisioterapia-na-regiao-administrativa-em-brasilia-df\/\"><span style=\"color: #000000;\">Cl\u00ednica de Fisioterapia na Regi\u00e3o administrativa em Bras\u00edlia DF<\/span><\/a><\/td>\n<td width=\"405\"><a href=\"https:\/\/evoluirfisioterapia.com.br\/fisioterapia-em-brasilia\/clinica-de-fisioterapia-em-paranoa-em-brasilia-df\/\"><span style=\"color: #000000;\">Cl\u00ednica de Fisioterapia em Parano\u00e1 em Bras\u00edlia DF<\/span><\/a><\/td>\n<\/tr>\n<tr>\n<td><a href=\"https:\/\/evoluirfisioterapia.com.br\/fisioterapia-em-brasilia\/clinica-de-fisioterapia-em-ceilandia-em-brasilia-df\/\"><span style=\"color: #000000;\">Cl\u00ednica de Fisioterapia em Ceil\u00e2ndia em Bras\u00edlia DF<\/span><\/a><\/td>\n<td><a href=\"https:\/\/evoluirfisioterapia.com.br\/fisioterapia-em-brasilia\/clinica-de-fisioterapia-em-itapoa-em-brasilia-df\/\"><span style=\"color: #000000;\">Cl\u00ednica de Fisioterapia em Itapo\u00e3 em Bras\u00edlia DF<\/span><\/a><\/td>\n<\/tr>\n<tr>\n<td><a href=\"https:\/\/evoluirfisioterapia.com.br\/fisioterapia-em-brasilia\/clinica-de-fisioterapia-em-samambaia-em-brasilia-df\/\"><span style=\"color: #000000;\">Cl\u00ednica de Fisioterapia em Samambaia em Bras\u00edlia DF<\/span><\/a><\/td>\n<td><a href=\"https:\/\/evoluirfisioterapia.com.br\/fisioterapia-em-brasilia\/clinica-de-fisioterapia-em-sudoeste-octogonal-em-brasilia-df\/\"><span style=\"color: #000000;\">Cl\u00ednica de Fisioterapia no Sudoeste\/Octogonal em Bras\u00edlia DF<\/span><\/a><\/td>\n<\/tr>\n<tr>\n<td><a href=\"https:\/\/evoluirfisioterapia.com.br\/fisioterapia-em-brasilia\/clinica-de-fisioterapia-em-plano-piloto-em-brasilia-df\/\"><span style=\"color: #000000;\">Cl\u00ednica de Fisioterapia em Plano Piloto em Bras\u00edlia DF<\/span><\/a><\/td>\n<td><a href=\"https:\/\/evoluirfisioterapia.com.br\/fisioterapia-em-brasilia\/clinica-de-fisioterapia-em-brazlandia-em-brasilia-df\/\"><span style=\"color: #000000;\">Cl\u00ednica de Fisioterapia em Brazl\u00e2ndia em Bras\u00edlia DF<\/span><\/a><\/td>\n<\/tr>\n<tr>\n<td><a href=\"https:\/\/evoluirfisioterapia.com.br\/fisioterapia-em-brasilia\/clinica-de-fisioterapia-em-taguatinga-em-brasilia-df\/\"><span style=\"color: #000000;\">Cl\u00ednica de Fisioterapia em Taguatinga em Bras\u00edlia DF<\/span><\/a><\/td>\n<td><a href=\"https:\/\/evoluirfisioterapia.com.br\/fisioterapia-em-brasilia\/clinica-de-fisioterapia-em-jardim-botanico-em-brasilia-df\/\"><span style=\"color: #000000;\">Cl\u00ednica de Fisioterapia no Jardim Bot\u00e2nico em Bras\u00edlia DF<\/span><\/a><\/td>\n<\/tr>\n<tr>\n<td><a href=\"https:\/\/evoluirfisioterapia.com.br\/fisioterapia-em-brasilia\/clinica-de-fisioterapia-em-planaltina-em-brasilia-df\/\"><span style=\"color: #000000;\">Cl\u00ednica de Fisioterapia em Planaltina em Bras\u00edlia DF<\/span><\/a><\/td>\n<td><a href=\"https:\/\/evoluirfisioterapia.com.br\/fisioterapia-em-brasilia\/clinica-de-fisioterapia-em-riacho-fundo-em-brasilia-df\/\"><span style=\"color: #000000;\">Cl\u00ednica de Fisioterapia no Riacho Fundo em Bras\u00edlia DF<\/span><\/a><\/td>\n<\/tr>\n<tr>\n<td><span style=\"color: #000000;\">Cl\u00ednica de Fisioterapia em Guar\u00e1 em Bras\u00edlia DF<\/span><\/td>\n<td><span style=\"color: #000000;\">Cl\u00ednica de Fisioterapia em Arniqueira em Bras\u00edlia DF<\/span><\/td>\n<\/tr>\n<tr>\n<td><a href=\"https:\/\/evoluirfisioterapia.com.br\/fisioterapia-em-brasilia\/clinica-de-fisioterapia-em-gama-em-brasilia-df\/\"><span style=\"color: #000000;\">Cl\u00ednica de Fisioterapia em Gama em Bras\u00edlia DF<\/span><\/a><\/td>\n<td><a href=\"https:\/\/evoluirfisioterapia.com.br\/fisioterapia-em-brasilia\/clinica-de-fisioterapia-em-lago-norte-em-brasilia-df\/\"><span style=\"color: #000000;\">Cl\u00ednica de Fisioterapia no Lago Norte em Bras\u00edlia DF<\/span><\/a><\/td>\n<\/tr>\n<tr>\n<td><a href=\"https:\/\/evoluirfisioterapia.com.br\/fisioterapia-em-brasilia\/clinica-de-fisioterapia-em-recanto-das-emas-em-brasilia-df\/\"><span style=\"color: #000000;\">Cl\u00ednica de Fisioterapia no Recanto das Emas em Bras\u00edlia DF<\/span><\/a><\/td>\n<td><a href=\"https:\/\/evoluirfisioterapia.com.br\/fisioterapia-em-brasilia\/clinica-de-fisioterapia-em-scia-em-brasilia-df\/\"><span style=\"color: #000000;\">Cl\u00ednica de Fisioterapia em SCIA em Bras\u00edlia DF<\/span><\/a><\/td>\n<\/tr>\n<tr>\n<td><a href=\"https:\/\/evoluirfisioterapia.com.br\/fisioterapia-em-brasilia\/clinica-de-fisioterapia-em-santa-maria-em-brasilia-df\/\"><span style=\"color: #000000;\">Cl\u00ednica de Fisioterapia em Santa Maria em Bras\u00edlia DF<\/span><\/a><\/td>\n<td><a href=\"https:\/\/evoluirfisioterapia.com.br\/fisioterapia-em-brasilia\/clinica-de-fisioterapia-em-cruzeiro-em-brasilia-df\/\"><span style=\"color: #000000;\">Cl\u00ednica de Fisioterapia no Cruzeiro em Bras\u00edlia DF<\/span><\/a><\/td>\n<\/tr>\n<tr>\n<td><a href=\"https:\/\/evoluirfisioterapia.com.br\/fisioterapia-em-brasilia\/clinica-de-fisioterapia-em-aguas-claras-em-brasilia-df\/\"><span style=\"color: #000000;\">Cl\u00ednica de Fisioterapia em \u00c1guas Claras em Bras\u00edlia DF<\/span><\/a><\/td>\n<td><a href=\"https:\/\/evoluirfisioterapia.com.br\/fisioterapia-em-brasilia\/clinica-de-fisioterapia-em-lago-sul-em-brasilia-df\/\"><span style=\"color: #000000;\">Cl\u00ednica de Fisioterapia no Lago Sul em Bras\u00edlia DF<\/span><\/a><\/td>\n<\/tr>\n<tr>\n<td><span style=\"color: #000000;\">Cl\u00ednica de Fisioterapia em S\u00e3o Sebasti\u00e3o em Bras\u00edlia DF<\/span><\/td>\n<td><span style=\"color: #000000;\">Cl\u00ednica de Fisioterapia no N\u00facleo Bandeirante em Bras\u00edlia DF<\/span><\/td>\n<\/tr>\n<tr>\n<td><a href=\"https:\/\/evoluirfisioterapia.com.br\/fisioterapia-em-brasilia\/clinica-de-fisioterapia-em-riacho-fundo-ii-em-brasilia-df\/\"><span style=\"color: #000000;\">Cl\u00ednica de Fisioterapia em Riacho Fundo II em Bras\u00edlia DF<\/span><\/a><\/td>\n<td><a href=\"https:\/\/evoluirfisioterapia.com.br\/fisioterapia-em-brasilia\/clinica-de-fisioterapia-em-park-way-em-brasilia-df\/\"><span style=\"color: #000000;\">Cl\u00ednica de Fisioterapia em Park Way em Bras\u00edlia DF<\/span><\/a><\/td>\n<\/tr>\n<tr>\n<td><a href=\"https:\/\/evoluirfisioterapia.com.br\/fisioterapia-em-brasilia\/clinica-de-fisioterapia-em-sol-nascente-por-do-sol-em-brasilia-df\/\"><span style=\"color: #000000;\">Cl\u00ednica de Fisioterapia em Sol Nascente\/P\u00f4r do Sol em Bras\u00edlia DF<\/span><\/a><\/td>\n<td><a href=\"https:\/\/evoluirfisioterapia.com.br\/fisioterapia-em-brasilia\/clinica-de-fisioterapia-em-candangolandia-em-brasilia-df\/\"><span style=\"color: #000000;\">Cl\u00ednica de Fisioterapia em Candangol\u00e2ndia em Bras\u00edlia DF<\/span><\/a><\/td>\n<\/tr>\n<tr>\n<td><a href=\"https:\/\/evoluirfisioterapia.com.br\/fisioterapia-em-brasilia\/clinica-de-fisioterapia-em-sobradinho-ii-em-brasilia-df\/\"><span style=\"color: #000000;\">Cl\u00ednica de Fisioterapia em Sobradinho II em Bras\u00edlia DF<\/span><\/a><\/td>\n<td><a href=\"https:\/\/evoluirfisioterapia.com.br\/fisioterapia-em-brasilia\/clinica-de-fisioterapia-em-varjao-em-brasilia-df\/\"><span style=\"color: #000000;\">Cl\u00ednica de Fisioterapia em Varj\u00e3o em Bras\u00edlia DF<\/span><\/a><\/td>\n<\/tr>\n<tr>\n<td><span style=\"color: #000000;\">Cl\u00ednica de Fisioterapia em Sobradinho em Bras\u00edlia DF<\/span><\/td>\n<td><a href=\"https:\/\/evoluirfisioterapia.com.br\/fisioterapia-em-brasilia\/clinica-de-fisioterapia-em-fercal-em-brasilia-df\/\"><span style=\"color: #000000;\">Cl\u00ednica de Fisioterapia em Fercal em Bras\u00edlia DF<\/span><\/a><\/td>\n<\/tr>\n<tr>\n<td><a href=\"https:\/\/evoluirfisioterapia.com.br\/fisioterapia-em-brasilia\/clinica-de-fisioterapia-em-vicente-pires-em-brasilia-df\/\"><span style=\"color: #000000;\">Cl\u00ednica de Fisioterapia em Vicente Pires em Bras\u00edlia DF<\/span><\/a><\/td>\n<td><a href=\"https:\/\/evoluirfisioterapia.com.br\/fisioterapia-em-brasilia\/clinica-de-fisioterapia-em-sia-em-brasilia-df\/\"><span style=\"color: #000000;\">Cl\u00ednica de Fisioterapia em SIA em Bras\u00edlia DF<\/span><\/a><\/td>\n<\/tr>\n<\/tbody>\n<\/table>\n<aside id=\"block-9\" class=\"widget widget_block\">\n<h3>Fernando<\/h3>\n<h3>Localiza\u00e7\u00e3o:\u00a0 <em style=\"color: #000000; font-family: 'Open Sans', Helvetica, Arial, sans-serif; font-size: 13px;\">SGAN 910 &#8211; CONJUNTO F CASA DO CEAR\u00c1, BRAS\u00cdLIA &#8211; DF<\/em><\/h3>\n<\/aside>\n<figure id=\"attachment_1501\" aria-describedby=\"caption-attachment-1501\" style=\"width: 1024px\" class=\"wp-caption alignnone\"><img decoding=\"async\" class=\"wp-image-1501 size-large\" src=\"https:\/\/evoluirfisioterapia.com.br\/fisioterapia-em-brasilia\/wp-content\/uploads\/2023\/03\/WhatsApp-Image-2023-03-17-at-09.48.26-1-1024x485.jpeg\" alt=\"Fisioterapia e Reabilita\u00e7\u00e3o - Cl\u00ednica de Fisioterapia\" width=\"1024\" height=\"485\" title=\"\" srcset=\"https:\/\/evoluirfisioterapia.com.br\/fisioterapia-em-brasilia\/wp-content\/uploads\/2023\/03\/WhatsApp-Image-2023-03-17-at-09.48.26-1-1024x485.jpeg 1024w, https:\/\/evoluirfisioterapia.com.br\/fisioterapia-em-brasilia\/wp-content\/uploads\/2023\/03\/WhatsApp-Image-2023-03-17-at-09.48.26-1-300x142.jpeg 300w, https:\/\/evoluirfisioterapia.com.br\/fisioterapia-em-brasilia\/wp-content\/uploads\/2023\/03\/WhatsApp-Image-2023-03-17-at-09.48.26-1-768x364.jpeg 768w, https:\/\/evoluirfisioterapia.com.br\/fisioterapia-em-brasilia\/wp-content\/uploads\/2023\/03\/WhatsApp-Image-2023-03-17-at-09.48.26-1-1536x728.jpeg 1536w, https:\/\/evoluirfisioterapia.com.br\/fisioterapia-em-brasilia\/wp-content\/uploads\/2023\/03\/WhatsApp-Image-2023-03-17-at-09.48.26-1-2048x970.jpeg 2048w\" sizes=\"(max-width: 1024px) 100vw, 1024px\" \/><figcaption id=\"caption-attachment-1501\" class=\"wp-caption-text\">Fisioterapia e Reabilita\u00e7\u00e3o &#8211; Cl\u00ednica de Fisioterapia<\/figcaption><\/figure>\n","protected":false},"excerpt":{"rendered":"<p>Cl\u00ednica de Fisioterapia Asa Norte em Bras\u00edlia H\u00e1 diversas Cl\u00ednica de Fisioterapia em Bras\u00edlia que oferecem servi\u00e7os especializados em diversas \u00e1reas, tais como fisioterapia ortop\u00e9dica, fisioterapia neurol\u00f3gica, fisioterapia respirat\u00f3ria, fisioterapia &#8230;<\/p>\n","protected":false},"author":2,"featured_media":0,"parent":0,"menu_order":0,"comment_status":"closed","ping_status":"closed","template":"template-frontpage.php","meta":{"_joinchat":[],"footnotes":""},"categories":[],"tags":[],"class_list":["post-4","page","type-page","status-publish","hentry"],"_links":{"self":[{"href":"https:\/\/evoluirfisioterapia.com.br\/fisioterapia-em-brasilia\/wp-json\/wp\/v2\/pages\/4","targetHints":{"allow":["GET"]}}],"collection":[{"href":"https:\/\/evoluirfisioterapia.com.br\/fisioterapia-em-brasilia\/wp-json\/wp\/v2\/pages"}],"about":[{"href":"https:\/\/evoluirfisioterapia.com.br\/fisioterapia-em-brasilia\/wp-json\/wp\/v2\/types\/page"}],"author":[{"embeddable":true,"href":"https:\/\/evoluirfisioterapia.com.br\/fisioterapia-em-brasilia\/wp-json\/wp\/v2\/users\/2"}],"replies":[{"embeddable":true,"href":"https:\/\/evoluirfisioterapia.com.br\/fisioterapia-em-brasilia\/wp-json\/wp\/v2\/comments?post=4"}],"version-history":[{"count":0,"href":"https:\/\/evoluirfisioterapia.com.br\/fisioterapia-em-brasilia\/wp-json\/wp\/v2\/pages\/4\/revisions"}],"wp:attachment":[{"href":"https:\/\/evoluirfisioterapia.com.br\/fisioterapia-em-brasilia\/wp-json\/wp\/v2\/media?parent=4"}],"wp:term":[{"taxonomy":"category","embeddable":true,"href":"https:\/\/evoluirfisioterapia.com.br\/fisioterapia-em-brasilia\/wp-json\/wp\/v2\/categories?post=4"},{"taxonomy":"post_tag","embeddable":true,"href":"https:\/\/evoluirfisioterapia.com.br\/fisioterapia-em-brasilia\/wp-json\/wp\/v2\/tags?post=4"}],"curies":[{"name":"wp","href":"https:\/\/api.w.org\/{rel}","templated":true}]}}